{"id":1231,"date":"2021-08-09T13:35:10","date_gmt":"2021-08-09T11:35:10","guid":{"rendered":"http:\/\/cabinetosmose.com\/?page_id=1231"},"modified":"2023-11-05T15:03:24","modified_gmt":"2023-11-05T14:03:24","slug":"le-bien-etre-en-entreprise","status":"publish","type":"page","link":"https:\/\/cabinetosmose.com\/index.php\/le-bien-etre-en-entreprise\/","title":{"rendered":"LE BIEN \u00caTRE  EN ENTREPRISE"},"content":{"rendered":"\n<div class=\"eplus-B1vXhz wp-block-media-text alignwide is-stacked-on-mobile is-image-fill eplus-wrapper\"><figure class=\"wp-block-media-text__media\" style=\"background-image:url(https:\/\/cabinetosmose.com\/wp-content\/uploads\/2021\/08\/entreprise-1-724x1024.png);background-position:50% 50%\"><img loading=\"lazy\" decoding=\"async\" width=\"724\" height=\"1024\" src=\"https:\/\/cabinetosmose.com\/wp-content\/uploads\/2021\/08\/entreprise-1-724x1024.png\" alt=\"\" class=\"wp-image-1233 size-full\" srcset=\"https:\/\/cabinetosmose.com\/wp-content\/uploads\/2021\/08\/entreprise-1-724x1024.png 724w, https:\/\/cabinetosmose.com\/wp-content\/uploads\/2021\/08\/entreprise-1-212x300.png 212w, https:\/\/cabinetosmose.com\/wp-content\/uploads\/2021\/08\/entreprise-1-768x1086.png 768w, https:\/\/cabinetosmose.com\/wp-content\/uploads\/2021\/08\/entreprise-1-1086x1536.png 1086w, https:\/\/cabinetosmose.com\/wp-content\/uploads\/2021\/08\/entreprise-1-500x707.png 500w, https:\/\/cabinetosmose.com\/wp-content\/uploads\/2021\/08\/entreprise-1-800x1132.png 800w, https:\/\/cabinetosmose.com\/wp-content\/uploads\/2021\/08\/entreprise-1-1280x1810.png 1280w, https:\/\/cabinetosmose.com\/wp-content\/uploads\/2021\/08\/entreprise-1.png 1414w\" sizes=\"auto, (max-width: 724px) 100vw, 724px\" \/><\/figure><div class=\"wp-block-media-text__content\"><p class=\"eplus-6jHmo4 eplus-wrapper eplus-styles-uid-aad597\" style=\"font-size:19px\"><strong>Conf\u00e9rences, Ateliers, Team-building en fran\u00e7ais et\/ou en anglais:<\/strong><\/p>\n\n\n<p class=\"eplus-6jHmo4 eplus-wrapper\" style=\"font-size:19px\"><strong>-Qualit\u00e9 de Vie au Travail<\/strong><\/p>\n\n\n\n<p class=\"eplus-6jHmo4 eplus-wrapper\" style=\"font-size:19px\"><strong>-Gestion du temps<\/strong> <\/p>\n\n\n<p class=\"eplus-6jHmo4 eplus-wrapper eplus-styles-uid-a62243\" style=\"font-size:19px\"><strong>-Gestion du stress<\/strong><\/p>\n\n<p class=\" eplus-wrapper eplus-styles-uid-2d2e94\"><strong>-Accompagner le retour au travail apr\u00e8s une longue absence<\/strong><\/p>\n\n<p class=\" has-small-font-size eplus-wrapper eplus-styles-uid-3b3485\">Dans le cadre de la pr\u00e9vention des risques psycho-sociaux, de la gestion du stress et du bien \u00eatre au travail, la sophrologie, la naturopathie et la r\u00e9flexologie ont toute leur place. Selon les besoins de chaque entreprise, les s\u00e9ances individuelles ou ateliers collectifs permettent \u00e0 l&#8217;employ\u00e9 de:<\/p>\n\n<ul class=\"eplus-Zh0f49 has-text-color eplus-wrapper wp-block-list eplus-styles-uid-33135a\" style=\"color:#c84b5e;font-size:19px\"><li class=\" eplus-wrapper\">Ma\u00eetriser les techniques de relaxation<\/li>\n\n\n\n<li class=\" eplus-wrapper\">Devenir autonome pour les utiliser au besoin<\/li>\n\n\n\n<li class=\" eplus-wrapper\">Am\u00e9liorer son hygi\u00e8ne de vie<\/li>\n\n\n\n<li class=\" eplus-wrapper\">R\u00e9duire l&rsquo;impact du stress sur soi<\/li>\n\n\n\n<li class=\" eplus-wrapper\">Aborder le travail de fa\u00e7on positive<\/li>\n\n\n\n<li class=\" eplus-wrapper\">Prendre du recul face aux situations stressantes<\/li>\n\n\n\n<li class=\" eplus-wrapper\">Anticiper les risques d&rsquo;\u00e9puisement professionnel (burn out)<\/li>\n\n\n\n<li class=\" eplus-wrapper\">Devenir plus flexible<\/li>\n\n\n\n<li class=\" eplus-wrapper\">S&rsquo;\u00e9panouir au travail <\/li>\n<\/ul>\n\n\n<p class=\"eplus-4QDlVA has-small-font-size eplus-wrapper\">  Avec des collaborateurs plus sereins et plus \u00e9panouis, l&rsquo;entreprise:<\/p>\n\n\n<ul class=\"eplus-BGGeYY has-text-color eplus-wrapper wp-block-list eplus-styles-uid-6701c3\" style=\"color:#c84b5e;font-size:19px\"><li class=\" eplus-wrapper\">Anticipe les risques psycho-sociaux (notamment le burn out)<\/li>\n\n\n\n<li class=\" eplus-wrapper\">R\u00e9duit l&rsquo;impact du stress professionnel<\/li>\n\n\n\n<li class=\" eplus-wrapper\">Am\u00e9liore l&rsquo;efficacit\u00e9 de ses collaborateurs<\/li>\n\n\n\n<li class=\" eplus-wrapper\">Augmente la motivation de ses  salari\u00e9s<\/li>\n\n\n\n<li class=\" eplus-wrapper\">Diminue le taux d&rsquo;absent\u00e9isme<\/li>\n\n\n\n<li class=\" eplus-wrapper\">Renforce son image<\/li>\n\n\n\n<li class=\" eplus-wrapper\">Attire de nouveaux talents<\/li>\n<\/ul><\/div><\/div>\n","protected":false},"excerpt":{"rendered":"","protected":false},"author":2,"featured_media":0,"parent":0,"menu_order":0,"comment_status":"closed","ping_status":"closed","template":"template-gutenberg.php","meta":{"editor_plus_copied_stylings":"{}","_mi_skip_tracking":false,"_monsterinsights_sitenote_active":false,"_monsterinsights_sitenote_note":"","_monsterinsights_sitenote_category":0,"footnotes":""},"class_list":["post-1231","page","type-page","status-publish","hentry"],"yoast_head":"<!-- This site is optimized with the Yoast SEO plugin v21.4 - https:\/\/yoast.com\/wordpress\/plugins\/seo\/ -->\n<title>LE BIEN \u00caTRE EN ENTREPRISE - Sandrine Briot - Cabinet Osmose<\/title>\n<meta name=\"description\" content=\"Sophrologue , Naturopathe, R\u00e9flexologue \u00e0 Sallanches . G\u00e9rer le stress, la douleur, les troubles anxieux ...\" \/>\n<meta name=\"robots\" content=\"index, follow, max-snippet:-1, max-image-preview:large, max-video-preview:-1\" \/>\n<link rel=\"canonical\" href=\"https:\/\/cabinetosmose.com\/index.php\/le-bien-etre-en-entreprise\/\" \/>\n<meta property=\"og:locale\" content=\"fr_FR\" \/>\n<meta property=\"og:type\" content=\"article\" \/>\n<meta property=\"og:title\" content=\"LE BIEN \u00caTRE EN ENTREPRISE - Sandrine Briot - Cabinet Osmose\" \/>\n<meta property=\"og:description\" content=\"Sophrologue , Naturopathe, R\u00e9flexologue \u00e0 Sallanches . G\u00e9rer le stress, la douleur, les troubles anxieux ...\" \/>\n<meta property=\"og:url\" content=\"https:\/\/cabinetosmose.com\/index.php\/le-bien-etre-en-entreprise\/\" \/>\n<meta property=\"og:site_name\" content=\"Sandrine Briot - Cabinet Osmose\" \/>\n<meta property=\"article:publisher\" content=\"https:\/\/www.facebook.com\/profile.php?id=100070860880540\" \/>\n<meta property=\"article:modified_time\" content=\"2023-11-05T14:03:24+00:00\" \/>\n<meta property=\"og:image\" content=\"http:\/\/cabinetosmose.com\/wp-content\/uploads\/2021\/08\/entreprise-1-724x1024.png\" \/>\n<meta name=\"twitter:card\" content=\"summary_large_image\" \/>\n<meta name=\"twitter:label1\" content=\"Dur\u00e9e de lecture estim\u00e9e\" \/>\n\t<meta name=\"twitter:data1\" content=\"2 minutes\" \/>\n<script type=\"application\/ld+json\" class=\"yoast-schema-graph\">{\"@context\":\"https:\/\/schema.org\",\"@graph\":[{\"@type\":\"WebPage\",\"@id\":\"https:\/\/cabinetosmose.com\/index.php\/le-bien-etre-en-entreprise\/\",\"url\":\"https:\/\/cabinetosmose.com\/index.php\/le-bien-etre-en-entreprise\/\",\"name\":\"LE BIEN \u00caTRE EN ENTREPRISE - Sandrine Briot - Cabinet Osmose\",\"isPartOf\":{\"@id\":\"https:\/\/cabinetosmose.com\/#website\"},\"datePublished\":\"2021-08-09T11:35:10+00:00\",\"dateModified\":\"2023-11-05T14:03:24+00:00\",\"description\":\"Sophrologue , Naturopathe, R\u00e9flexologue \u00e0 Sallanches . G\u00e9rer le stress, la douleur, les troubles anxieux ...\",\"breadcrumb\":{\"@id\":\"https:\/\/cabinetosmose.com\/index.php\/le-bien-etre-en-entreprise\/#breadcrumb\"},\"inLanguage\":\"fr-FR\",\"potentialAction\":[{\"@type\":\"ReadAction\",\"target\":[\"https:\/\/cabinetosmose.com\/index.php\/le-bien-etre-en-entreprise\/\"]}]},{\"@type\":\"BreadcrumbList\",\"@id\":\"https:\/\/cabinetosmose.com\/index.php\/le-bien-etre-en-entreprise\/#breadcrumb\",\"itemListElement\":[{\"@type\":\"ListItem\",\"position\":1,\"name\":\"Accueil\",\"item\":\"https:\/\/cabinetosmose.com\/\"},{\"@type\":\"ListItem\",\"position\":2,\"name\":\"LE BIEN \u00caTRE EN ENTREPRISE\"}]},{\"@type\":\"WebSite\",\"@id\":\"https:\/\/cabinetosmose.com\/#website\",\"url\":\"https:\/\/cabinetosmose.com\/\",\"name\":\"Sandrine Briot - Cabinet Osmose\",\"description\":\"Sophrologue Certifi\u00e9e RNCP (Sp\u00e9cialis\u00e9e en Canc\u00e9rologie)- R\u00e9flexologue- Naturopathe Certifi\u00e9e- Conf\u00e9renci\u00e8re Fran\u00e7ais\/Anglais -EI\",\"publisher\":{\"@id\":\"https:\/\/cabinetosmose.com\/#organization\"},\"alternateName\":\"Sophrologue - Naturopathe - Reflexologue\",\"potentialAction\":[{\"@type\":\"SearchAction\",\"target\":{\"@type\":\"EntryPoint\",\"urlTemplate\":\"https:\/\/cabinetosmose.com\/?s={search_term_string}\"},\"query-input\":\"required name=search_term_string\"}],\"inLanguage\":\"fr-FR\"},{\"@type\":\"Organization\",\"@id\":\"https:\/\/cabinetosmose.com\/#organization\",\"name\":\"Sandrine Briot - Cabinet Osmose\",\"alternateName\":\"Sophrologue - Naturopathe - Reflexologue\",\"url\":\"https:\/\/cabinetosmose.com\/\",\"logo\":{\"@type\":\"ImageObject\",\"inLanguage\":\"fr-FR\",\"@id\":\"https:\/\/cabinetosmose.com\/#\/schema\/logo\/image\/\",\"url\":\"https:\/\/cabinetosmose.com\/wp-content\/uploads\/2023\/09\/logo-osmose.jpg\",\"contentUrl\":\"https:\/\/cabinetosmose.com\/wp-content\/uploads\/2023\/09\/logo-osmose.jpg\",\"width\":696,\"height\":696,\"caption\":\"Sandrine Briot - Cabinet Osmose\"},\"image\":{\"@id\":\"https:\/\/cabinetosmose.com\/#\/schema\/logo\/image\/\"},\"sameAs\":[\"https:\/\/www.facebook.com\/profile.php?id=100070860880540\",\"https:\/\/www.instagram.com\/cabinetosmose_sandrinebriot\/\",\"https:\/\/www.linkedin.com\/in\/sandrine-briot-a419b5bb\/\"]}]}<\/script>\n<!-- \/ Yoast SEO plugin. -->","yoast_head_json":{"title":"LE BIEN \u00caTRE EN ENTREPRISE - Sandrine Briot - Cabinet Osmose","description":"Sophrologue , Naturopathe, R\u00e9flexologue \u00e0 Sallanches . G\u00e9rer le stress, la douleur, les troubles anxieux ...","robots":{"index":"index","follow":"follow","max-snippet":"max-snippet:-1","max-image-preview":"max-image-preview:large","max-video-preview":"max-video-preview:-1"},"canonical":"https:\/\/cabinetosmose.com\/index.php\/le-bien-etre-en-entreprise\/","og_locale":"fr_FR","og_type":"article","og_title":"LE BIEN \u00caTRE EN ENTREPRISE - Sandrine Briot - Cabinet Osmose","og_description":"Sophrologue , Naturopathe, R\u00e9flexologue \u00e0 Sallanches . G\u00e9rer le stress, la douleur, les troubles anxieux ...","og_url":"https:\/\/cabinetosmose.com\/index.php\/le-bien-etre-en-entreprise\/","og_site_name":"Sandrine Briot - Cabinet Osmose","article_publisher":"https:\/\/www.facebook.com\/profile.php?id=100070860880540","article_modified_time":"2023-11-05T14:03:24+00:00","og_image":[{"url":"http:\/\/cabinetosmose.com\/wp-content\/uploads\/2021\/08\/entreprise-1-724x1024.png"}],"twitter_card":"summary_large_image","twitter_misc":{"Dur\u00e9e de lecture estim\u00e9e":"2 minutes"},"schema":{"@context":"https:\/\/schema.org","@graph":[{"@type":"WebPage","@id":"https:\/\/cabinetosmose.com\/index.php\/le-bien-etre-en-entreprise\/","url":"https:\/\/cabinetosmose.com\/index.php\/le-bien-etre-en-entreprise\/","name":"LE BIEN \u00caTRE EN ENTREPRISE - Sandrine Briot - Cabinet Osmose","isPartOf":{"@id":"https:\/\/cabinetosmose.com\/#website"},"datePublished":"2021-08-09T11:35:10+00:00","dateModified":"2023-11-05T14:03:24+00:00","description":"Sophrologue , Naturopathe, R\u00e9flexologue \u00e0 Sallanches . G\u00e9rer le stress, la douleur, les troubles anxieux ...","breadcrumb":{"@id":"https:\/\/cabinetosmose.com\/index.php\/le-bien-etre-en-entreprise\/#breadcrumb"},"inLanguage":"fr-FR","potentialAction":[{"@type":"ReadAction","target":["https:\/\/cabinetosmose.com\/index.php\/le-bien-etre-en-entreprise\/"]}]},{"@type":"BreadcrumbList","@id":"https:\/\/cabinetosmose.com\/index.php\/le-bien-etre-en-entreprise\/#breadcrumb","itemListElement":[{"@type":"ListItem","position":1,"name":"Accueil","item":"https:\/\/cabinetosmose.com\/"},{"@type":"ListItem","position":2,"name":"LE BIEN \u00caTRE EN ENTREPRISE"}]},{"@type":"WebSite","@id":"https:\/\/cabinetosmose.com\/#website","url":"https:\/\/cabinetosmose.com\/","name":"Sandrine Briot - Cabinet Osmose","description":"Sophrologue Certifi\u00e9e RNCP (Sp\u00e9cialis\u00e9e en Canc\u00e9rologie)- R\u00e9flexologue- Naturopathe Certifi\u00e9e- Conf\u00e9renci\u00e8re Fran\u00e7ais\/Anglais -EI","publisher":{"@id":"https:\/\/cabinetosmose.com\/#organization"},"alternateName":"Sophrologue - Naturopathe - Reflexologue","potentialAction":[{"@type":"SearchAction","target":{"@type":"EntryPoint","urlTemplate":"https:\/\/cabinetosmose.com\/?s={search_term_string}"},"query-input":"required name=search_term_string"}],"inLanguage":"fr-FR"},{"@type":"Organization","@id":"https:\/\/cabinetosmose.com\/#organization","name":"Sandrine Briot - Cabinet Osmose","alternateName":"Sophrologue - Naturopathe - Reflexologue","url":"https:\/\/cabinetosmose.com\/","logo":{"@type":"ImageObject","inLanguage":"fr-FR","@id":"https:\/\/cabinetosmose.com\/#\/schema\/logo\/image\/","url":"https:\/\/cabinetosmose.com\/wp-content\/uploads\/2023\/09\/logo-osmose.jpg","contentUrl":"https:\/\/cabinetosmose.com\/wp-content\/uploads\/2023\/09\/logo-osmose.jpg","width":696,"height":696,"caption":"Sandrine Briot - Cabinet Osmose"},"image":{"@id":"https:\/\/cabinetosmose.com\/#\/schema\/logo\/image\/"},"sameAs":["https:\/\/www.facebook.com\/profile.php?id=100070860880540","https:\/\/www.instagram.com\/cabinetosmose_sandrinebriot\/","https:\/\/www.linkedin.com\/in\/sandrine-briot-a419b5bb\/"]}]}},"_links":{"self":[{"href":"https:\/\/cabinetosmose.com\/index.php\/wp-json\/wp\/v2\/pages\/1231","targetHints":{"allow":["GET"]}}],"collection":[{"href":"https:\/\/cabinetosmose.com\/index.php\/wp-json\/wp\/v2\/pages"}],"about":[{"href":"https:\/\/cabinetosmose.com\/index.php\/wp-json\/wp\/v2\/types\/page"}],"author":[{"embeddable":true,"href":"https:\/\/cabinetosmose.com\/index.php\/wp-json\/wp\/v2\/users\/2"}],"replies":[{"embeddable":true,"href":"https:\/\/cabinetosmose.com\/index.php\/wp-json\/wp\/v2\/comments?post=1231"}],"version-history":[{"count":15,"href":"https:\/\/cabinetosmose.com\/index.php\/wp-json\/wp\/v2\/pages\/1231\/revisions"}],"predecessor-version":[{"id":3636,"href":"https:\/\/cabinetosmose.com\/index.php\/wp-json\/wp\/v2\/pages\/1231\/revisions\/3636"}],"wp:attachment":[{"href":"https:\/\/cabinetosmose.com\/index.php\/wp-json\/wp\/v2\/media?parent=1231"}],"curies":[{"name":"wp","href":"https:\/\/api.w.org\/{rel}","templated":true}]}}