{"id":424,"date":"2021-07-06T13:39:21","date_gmt":"2021-07-06T11:39:21","guid":{"rendered":"http:\/\/sandrinebriot.free.fr\/?page_id=424"},"modified":"2023-11-05T15:04:44","modified_gmt":"2023-11-05T14:04:44","slug":"reflexologie","status":"publish","type":"page","link":"https:\/\/cabinetosmose.com\/index.php\/reflexologie\/","title":{"rendered":"LA R\u00c9FLEXOLOGIE"},"content":{"rendered":"\n<div class=\"eplus-mkWKoD wp-block-media-text alignwide is-stacked-on-mobile is-image-fill eplus-wrapper\"><figure class=\"wp-block-media-text__media\" style=\"background-image:url(https:\/\/cabinetosmose.com\/wp-content\/uploads\/2021\/07\/conscious-design-Xu-4rcRvjX0-unsplash-scaled.jpg);background-position:50% 50%\"><img loading=\"lazy\" decoding=\"async\" width=\"2560\" height=\"1704\" src=\"https:\/\/cabinetosmose.com\/wp-content\/uploads\/2021\/07\/conscious-design-Xu-4rcRvjX0-unsplash-scaled.jpg\" alt=\"\" class=\"wp-image-644 size-full\" srcset=\"https:\/\/cabinetosmose.com\/wp-content\/uploads\/2021\/07\/conscious-design-Xu-4rcRvjX0-unsplash-scaled.jpg 2560w, https:\/\/cabinetosmose.com\/wp-content\/uploads\/2021\/07\/conscious-design-Xu-4rcRvjX0-unsplash-300x200.jpg 300w, https:\/\/cabinetosmose.com\/wp-content\/uploads\/2021\/07\/conscious-design-Xu-4rcRvjX0-unsplash-1024x682.jpg 1024w, https:\/\/cabinetosmose.com\/wp-content\/uploads\/2021\/07\/conscious-design-Xu-4rcRvjX0-unsplash-768x511.jpg 768w, https:\/\/cabinetosmose.com\/wp-content\/uploads\/2021\/07\/conscious-design-Xu-4rcRvjX0-unsplash-1536x1022.jpg 1536w, https:\/\/cabinetosmose.com\/wp-content\/uploads\/2021\/07\/conscious-design-Xu-4rcRvjX0-unsplash-2048x1363.jpg 2048w\" sizes=\"auto, (max-width: 2560px) 100vw, 2560px\" \/><\/figure><div class=\"wp-block-media-text__content\">\n<p class=\"eplus-C2pGR2 eplus-wrapper\" style=\"font-size:18px\">La r\u00e9flexologie plantaire est une technique manuelle bas\u00e9e sur le principe de la repr\u00e9sentation, au niveau du pied, de chaque syst\u00e8me corporel (digestif, circulatoire, respiratoire, ost\u00e9o-articulaire, hormonal, lymphatique, endocrinien, nerveux, urinaire). <\/p>\n\n\n\n<p class=\"eplus-89BVOY eplus-wrapper\" style=\"font-size:18px\">Les pressions et massages qui stimulent ces zones r\u00e9flexes cr\u00e9ent un influx nerveux qui  agit sur les organes et permet de : <\/p>\n\n\n<ul class=\"has-text-color eplus-wrapper wp-block-list eplus-styles-uid-d4ca81\" style=\"color:#c84b5e\"><li class=\" eplus-wrapper\"><strong>Lib\u00e9rer le stress et les tensions nerveuses pour amener une d\u00e9tente profonde<\/strong><\/li>\n\n\n\n<li class=\" eplus-wrapper\"><strong>Drainer les toxines et favoriser l&rsquo;\u00e9limination des d\u00e9chets<\/strong><\/li>\n\n\n\n<li class=\" eplus-wrapper\"><strong>Activer la circulation sanguine et le syst\u00e8me lymphatique<\/strong><\/li>\n\n\n\n<li class=\" eplus-wrapper\"><strong>Dynamiser l\u2019organisme<\/strong><\/li>\n\n\n\n<li class=\" eplus-wrapper\"><strong>Maintenir l&rsquo;\u00e9quilibre naturel du corps (hom\u00e9ostasie)<\/strong><\/li>\n<\/ul>\n\n\n<figure class=\"eplus-1sIbnN wp-block-image size-full eplus-wrapper\"><img loading=\"lazy\" decoding=\"async\" width=\"700\" height=\"962\" src=\"https:\/\/cabinetosmose.com\/wp-content\/uploads\/2021\/08\/reflexologie.jpg\" alt=\"\" class=\"wp-image-1104\" srcset=\"https:\/\/cabinetosmose.com\/wp-content\/uploads\/2021\/08\/reflexologie.jpg 700w, https:\/\/cabinetosmose.com\/wp-content\/uploads\/2021\/08\/reflexologie-218x300.jpg 218w, https:\/\/cabinetosmose.com\/wp-content\/uploads\/2021\/08\/reflexologie-500x687.jpg 500w\" sizes=\"auto, (max-width: 700px) 100vw, 700px\" \/><\/figure>\n\n\n\n<p class=\"eplus-0n7rvp has-text-color eplus-wrapper\" style=\"color:#06762b;font-size:18px\"> <em>La r\u00e9flexologie plantaire est d\u00e9conseill\u00e9e en cas de traumatisme ou de l\u00e9sion du pied, de phl\u00e9bite, art\u00e9rite ainsi qu&rsquo;aux femmes enceintes de moins de trois mois.<\/em><\/p>\n\n\n\n<p class=\" eplus-wrapper\"><\/p>\n<\/div><\/div>\n\n\n\n<hr class=\"is-style-wide wp-block-separator has-alpha-channel-opacity eplus-wrapper\"\/>\n\n\n\n<h2 class=\" wp-block-heading has-large-font-size eplus-wrapper\">LES MODELAGES<\/h2>\n\n\n\n<div class=\" wp-block-media-text alignwide is-stacked-on-mobile eplus-wrapper\"><figure class=\"wp-block-media-text__media\"><img loading=\"lazy\" decoding=\"async\" width=\"683\" height=\"1024\" src=\"https:\/\/cabinetosmose.com\/wp-content\/uploads\/2023\/01\/toa-heftiba-a9pFSC8dTlo-unsplash-683x1024.jpg\" alt=\"\" class=\"wp-image-3300 size-full\" srcset=\"https:\/\/cabinetosmose.com\/wp-content\/uploads\/2023\/01\/toa-heftiba-a9pFSC8dTlo-unsplash-683x1024.jpg 683w, https:\/\/cabinetosmose.com\/wp-content\/uploads\/2023\/01\/toa-heftiba-a9pFSC8dTlo-unsplash-200x300.jpg 200w, https:\/\/cabinetosmose.com\/wp-content\/uploads\/2023\/01\/toa-heftiba-a9pFSC8dTlo-unsplash-768x1152.jpg 768w, https:\/\/cabinetosmose.com\/wp-content\/uploads\/2023\/01\/toa-heftiba-a9pFSC8dTlo-unsplash-1024x1536.jpg 1024w, https:\/\/cabinetosmose.com\/wp-content\/uploads\/2023\/01\/toa-heftiba-a9pFSC8dTlo-unsplash-1365x2048.jpg 1365w, https:\/\/cabinetosmose.com\/wp-content\/uploads\/2023\/01\/toa-heftiba-a9pFSC8dTlo-unsplash-500x750.jpg 500w, https:\/\/cabinetosmose.com\/wp-content\/uploads\/2023\/01\/toa-heftiba-a9pFSC8dTlo-unsplash-800x1200.jpg 800w, https:\/\/cabinetosmose.com\/wp-content\/uploads\/2023\/01\/toa-heftiba-a9pFSC8dTlo-unsplash-1280x1920.jpg 1280w, https:\/\/cabinetosmose.com\/wp-content\/uploads\/2023\/01\/toa-heftiba-a9pFSC8dTlo-unsplash-1920x2880.jpg 1920w, https:\/\/cabinetosmose.com\/wp-content\/uploads\/2023\/01\/toa-heftiba-a9pFSC8dTlo-unsplash-scaled.jpg 1707w\" sizes=\"auto, (max-width: 683px) 100vw, 683px\" \/><\/figure><div class=\"wp-block-media-text__content\">\n<p class=\" has-text-color has-medium-font-size eplus-wrapper\" style=\"color:#c84b5e\">Le Modelage Jambes L\u00e9g\u00e8res:<\/p>\n\n\n\n<p class=\" has-medium-font-size eplus-wrapper\">Un brossage \u00e0 sec du corps pour stimuler la circulation suivi d\u2019un modelage anticellulite \u00e0 la ventouse puis d\u2019un modelage relaxant.<\/p>\n\n\n\n<p class=\" eplus-wrapper\"><\/p>\n\n\n\n<p class=\" has-text-color has-medium-font-size eplus-wrapper\" style=\"color:#c84b5e\">Le Modelage Corporel Intuitif: <\/p>\n\n\n\n<p class=\" has-medium-font-size eplus-wrapper\">Un modelage du corps qui r\u00e9pond \u00e0 vos  ressentis et besoins du moment (relaxant, enveloppant,  apaisant, \u00e9nergisant\u2026)<\/p>\n<\/div><\/div>\n","protected":false},"excerpt":{"rendered":"<p>LES MODELAGES Le Modelage Jambes L\u00e9g\u00e8res: Un brossage \u00e0 sec du corps pour stimuler la circulation suivi d\u2019un modelage anticellulite \u00e0 la ventouse puis d\u2019un modelage relaxant. Le Modelage Corporel Intuitif: Un modelage du corps qui r\u00e9pond \u00e0 vos ressentis et besoins du moment (relaxant, enveloppant, apaisant, \u00e9nergisant\u2026)<\/p>\n","protected":false},"author":2,"featured_media":0,"parent":0,"menu_order":0,"comment_status":"closed","ping_status":"closed","template":"template-gutenberg.php","meta":{"editor_plus_copied_stylings":"{}","_mi_skip_tracking":false,"_monsterinsights_sitenote_active":false,"_monsterinsights_sitenote_note":"","_monsterinsights_sitenote_category":0,"footnotes":""},"class_list":["post-424","page","type-page","status-publish","hentry"],"yoast_head":"<!-- This site is optimized with the Yoast SEO plugin v21.4 - https:\/\/yoast.com\/wordpress\/plugins\/seo\/ -->\n<title>LA R\u00c9FLEXOLOGIE - Sandrine Briot - Cabinet Osmose<\/title>\n<meta name=\"description\" content=\"Sophrologue , Naturopathe, R\u00e9flexologue \u00e0 Sallanches . G\u00e9rer le stress, la douleur, les troubles anxieux ...\" \/>\n<meta name=\"robots\" content=\"index, follow, max-snippet:-1, max-image-preview:large, max-video-preview:-1\" \/>\n<link rel=\"canonical\" href=\"https:\/\/cabinetosmose.com\/index.php\/reflexologie\/\" \/>\n<meta property=\"og:locale\" content=\"fr_FR\" \/>\n<meta property=\"og:type\" content=\"article\" \/>\n<meta property=\"og:title\" content=\"LA R\u00c9FLEXOLOGIE - Sandrine Briot - Cabinet Osmose\" \/>\n<meta property=\"og:description\" content=\"Sophrologue , Naturopathe, R\u00e9flexologue \u00e0 Sallanches . G\u00e9rer le stress, la douleur, les troubles anxieux ...\" \/>\n<meta property=\"og:url\" content=\"https:\/\/cabinetosmose.com\/index.php\/reflexologie\/\" \/>\n<meta property=\"og:site_name\" content=\"Sandrine Briot - Cabinet Osmose\" \/>\n<meta property=\"article:publisher\" content=\"https:\/\/www.facebook.com\/profile.php?id=100070860880540\" \/>\n<meta property=\"article:modified_time\" content=\"2023-11-05T14:04:44+00:00\" \/>\n<meta property=\"og:image\" content=\"http:\/\/cabinetosmose.com\/wp-content\/uploads\/2021\/07\/conscious-design-Xu-4rcRvjX0-unsplash-scaled.jpg\" \/>\n<meta name=\"twitter:card\" content=\"summary_large_image\" \/>\n<meta name=\"twitter:label1\" content=\"Dur\u00e9e de lecture estim\u00e9e\" \/>\n\t<meta name=\"twitter:data1\" content=\"2 minutes\" \/>\n<script type=\"application\/ld+json\" class=\"yoast-schema-graph\">{\"@context\":\"https:\/\/schema.org\",\"@graph\":[{\"@type\":\"WebPage\",\"@id\":\"https:\/\/cabinetosmose.com\/index.php\/reflexologie\/\",\"url\":\"https:\/\/cabinetosmose.com\/index.php\/reflexologie\/\",\"name\":\"LA R\u00c9FLEXOLOGIE - Sandrine Briot - Cabinet Osmose\",\"isPartOf\":{\"@id\":\"https:\/\/cabinetosmose.com\/#website\"},\"datePublished\":\"2021-07-06T11:39:21+00:00\",\"dateModified\":\"2023-11-05T14:04:44+00:00\",\"description\":\"Sophrologue , Naturopathe, R\u00e9flexologue \u00e0 Sallanches . G\u00e9rer le stress, la douleur, les troubles anxieux ...\",\"breadcrumb\":{\"@id\":\"https:\/\/cabinetosmose.com\/index.php\/reflexologie\/#breadcrumb\"},\"inLanguage\":\"fr-FR\",\"potentialAction\":[{\"@type\":\"ReadAction\",\"target\":[\"https:\/\/cabinetosmose.com\/index.php\/reflexologie\/\"]}]},{\"@type\":\"BreadcrumbList\",\"@id\":\"https:\/\/cabinetosmose.com\/index.php\/reflexologie\/#breadcrumb\",\"itemListElement\":[{\"@type\":\"ListItem\",\"position\":1,\"name\":\"Accueil\",\"item\":\"https:\/\/cabinetosmose.com\/\"},{\"@type\":\"ListItem\",\"position\":2,\"name\":\"LA R\u00c9FLEXOLOGIE\"}]},{\"@type\":\"WebSite\",\"@id\":\"https:\/\/cabinetosmose.com\/#website\",\"url\":\"https:\/\/cabinetosmose.com\/\",\"name\":\"Sandrine Briot - Cabinet Osmose\",\"description\":\"Sophrologue Certifi\u00e9e RNCP (Sp\u00e9cialis\u00e9e en Canc\u00e9rologie)- R\u00e9flexologue- Naturopathe Certifi\u00e9e- Conf\u00e9renci\u00e8re Fran\u00e7ais\/Anglais -EI\",\"publisher\":{\"@id\":\"https:\/\/cabinetosmose.com\/#organization\"},\"alternateName\":\"Sophrologue - Naturopathe - Reflexologue\",\"potentialAction\":[{\"@type\":\"SearchAction\",\"target\":{\"@type\":\"EntryPoint\",\"urlTemplate\":\"https:\/\/cabinetosmose.com\/?s={search_term_string}\"},\"query-input\":\"required name=search_term_string\"}],\"inLanguage\":\"fr-FR\"},{\"@type\":\"Organization\",\"@id\":\"https:\/\/cabinetosmose.com\/#organization\",\"name\":\"Sandrine Briot - Cabinet Osmose\",\"alternateName\":\"Sophrologue - Naturopathe - Reflexologue\",\"url\":\"https:\/\/cabinetosmose.com\/\",\"logo\":{\"@type\":\"ImageObject\",\"inLanguage\":\"fr-FR\",\"@id\":\"https:\/\/cabinetosmose.com\/#\/schema\/logo\/image\/\",\"url\":\"https:\/\/cabinetosmose.com\/wp-content\/uploads\/2023\/09\/logo-osmose.jpg\",\"contentUrl\":\"https:\/\/cabinetosmose.com\/wp-content\/uploads\/2023\/09\/logo-osmose.jpg\",\"width\":696,\"height\":696,\"caption\":\"Sandrine Briot - Cabinet Osmose\"},\"image\":{\"@id\":\"https:\/\/cabinetosmose.com\/#\/schema\/logo\/image\/\"},\"sameAs\":[\"https:\/\/www.facebook.com\/profile.php?id=100070860880540\",\"https:\/\/www.instagram.com\/cabinetosmose_sandrinebriot\/\",\"https:\/\/www.linkedin.com\/in\/sandrine-briot-a419b5bb\/\"]}]}<\/script>\n<!-- \/ Yoast SEO plugin. -->","yoast_head_json":{"title":"LA R\u00c9FLEXOLOGIE - Sandrine Briot - Cabinet Osmose","description":"Sophrologue , Naturopathe, R\u00e9flexologue \u00e0 Sallanches . G\u00e9rer le stress, la douleur, les troubles anxieux ...","robots":{"index":"index","follow":"follow","max-snippet":"max-snippet:-1","max-image-preview":"max-image-preview:large","max-video-preview":"max-video-preview:-1"},"canonical":"https:\/\/cabinetosmose.com\/index.php\/reflexologie\/","og_locale":"fr_FR","og_type":"article","og_title":"LA R\u00c9FLEXOLOGIE - Sandrine Briot - Cabinet Osmose","og_description":"Sophrologue , Naturopathe, R\u00e9flexologue \u00e0 Sallanches . G\u00e9rer le stress, la douleur, les troubles anxieux ...","og_url":"https:\/\/cabinetosmose.com\/index.php\/reflexologie\/","og_site_name":"Sandrine Briot - Cabinet Osmose","article_publisher":"https:\/\/www.facebook.com\/profile.php?id=100070860880540","article_modified_time":"2023-11-05T14:04:44+00:00","og_image":[{"url":"http:\/\/cabinetosmose.com\/wp-content\/uploads\/2021\/07\/conscious-design-Xu-4rcRvjX0-unsplash-scaled.jpg"}],"twitter_card":"summary_large_image","twitter_misc":{"Dur\u00e9e de lecture estim\u00e9e":"2 minutes"},"schema":{"@context":"https:\/\/schema.org","@graph":[{"@type":"WebPage","@id":"https:\/\/cabinetosmose.com\/index.php\/reflexologie\/","url":"https:\/\/cabinetosmose.com\/index.php\/reflexologie\/","name":"LA R\u00c9FLEXOLOGIE - Sandrine Briot - Cabinet Osmose","isPartOf":{"@id":"https:\/\/cabinetosmose.com\/#website"},"datePublished":"2021-07-06T11:39:21+00:00","dateModified":"2023-11-05T14:04:44+00:00","description":"Sophrologue , Naturopathe, R\u00e9flexologue \u00e0 Sallanches . G\u00e9rer le stress, la douleur, les troubles anxieux ...","breadcrumb":{"@id":"https:\/\/cabinetosmose.com\/index.php\/reflexologie\/#breadcrumb"},"inLanguage":"fr-FR","potentialAction":[{"@type":"ReadAction","target":["https:\/\/cabinetosmose.com\/index.php\/reflexologie\/"]}]},{"@type":"BreadcrumbList","@id":"https:\/\/cabinetosmose.com\/index.php\/reflexologie\/#breadcrumb","itemListElement":[{"@type":"ListItem","position":1,"name":"Accueil","item":"https:\/\/cabinetosmose.com\/"},{"@type":"ListItem","position":2,"name":"LA R\u00c9FLEXOLOGIE"}]},{"@type":"WebSite","@id":"https:\/\/cabinetosmose.com\/#website","url":"https:\/\/cabinetosmose.com\/","name":"Sandrine Briot - Cabinet Osmose","description":"Sophrologue Certifi\u00e9e RNCP (Sp\u00e9cialis\u00e9e en Canc\u00e9rologie)- R\u00e9flexologue- Naturopathe Certifi\u00e9e- Conf\u00e9renci\u00e8re Fran\u00e7ais\/Anglais -EI","publisher":{"@id":"https:\/\/cabinetosmose.com\/#organization"},"alternateName":"Sophrologue - Naturopathe - Reflexologue","potentialAction":[{"@type":"SearchAction","target":{"@type":"EntryPoint","urlTemplate":"https:\/\/cabinetosmose.com\/?s={search_term_string}"},"query-input":"required name=search_term_string"}],"inLanguage":"fr-FR"},{"@type":"Organization","@id":"https:\/\/cabinetosmose.com\/#organization","name":"Sandrine Briot - Cabinet Osmose","alternateName":"Sophrologue - Naturopathe - Reflexologue","url":"https:\/\/cabinetosmose.com\/","logo":{"@type":"ImageObject","inLanguage":"fr-FR","@id":"https:\/\/cabinetosmose.com\/#\/schema\/logo\/image\/","url":"https:\/\/cabinetosmose.com\/wp-content\/uploads\/2023\/09\/logo-osmose.jpg","contentUrl":"https:\/\/cabinetosmose.com\/wp-content\/uploads\/2023\/09\/logo-osmose.jpg","width":696,"height":696,"caption":"Sandrine Briot - Cabinet Osmose"},"image":{"@id":"https:\/\/cabinetosmose.com\/#\/schema\/logo\/image\/"},"sameAs":["https:\/\/www.facebook.com\/profile.php?id=100070860880540","https:\/\/www.instagram.com\/cabinetosmose_sandrinebriot\/","https:\/\/www.linkedin.com\/in\/sandrine-briot-a419b5bb\/"]}]}},"_links":{"self":[{"href":"https:\/\/cabinetosmose.com\/index.php\/wp-json\/wp\/v2\/pages\/424","targetHints":{"allow":["GET"]}}],"collection":[{"href":"https:\/\/cabinetosmose.com\/index.php\/wp-json\/wp\/v2\/pages"}],"about":[{"href":"https:\/\/cabinetosmose.com\/index.php\/wp-json\/wp\/v2\/types\/page"}],"author":[{"embeddable":true,"href":"https:\/\/cabinetosmose.com\/index.php\/wp-json\/wp\/v2\/users\/2"}],"replies":[{"embeddable":true,"href":"https:\/\/cabinetosmose.com\/index.php\/wp-json\/wp\/v2\/comments?post=424"}],"version-history":[{"count":32,"href":"https:\/\/cabinetosmose.com\/index.php\/wp-json\/wp\/v2\/pages\/424\/revisions"}],"predecessor-version":[{"id":3638,"href":"https:\/\/cabinetosmose.com\/index.php\/wp-json\/wp\/v2\/pages\/424\/revisions\/3638"}],"wp:attachment":[{"href":"https:\/\/cabinetosmose.com\/index.php\/wp-json\/wp\/v2\/media?parent=424"}],"curies":[{"name":"wp","href":"https:\/\/api.w.org\/{rel}","templated":true}]}}